80?
False
Is 691771143 a multiple of 283?
True
Does 27 divide 8702244?
False
Does 3 divide 30197264?
False
Does 8 divide 141345919?
False
Is 5 a factor of 289881252?
False
Is 6399 a factor of 171600950?
False
Is 20 a factor of 1969272556?
False
Is 25 a factor of 371223600?
True
Does 76 divide 26412964?
True
Is 10 a factor of 31503044?
False
Is 884548500 a multiple of 33?
True
Is 201777267 a multiple of 3417?
True
Does 7 divide 520270786?
True
Is 1685224866 a multiple of 149?
True
Is 53067778 a multiple of 64?
False
Is 54 a factor of 6135048?
True
Is 351 a factor of 35813583?
True
Is 47 a factor of 22850977?
True
Is 90824259 a multiple of 907?
True
Is 287 a factor of 51067632?
True
Is 230 a factor of 945394070?
True
Is 704767473 a multiple of 9?
True
Is 28 a factor of 42341404?
True
Is 6 a factor of 21320508?
True
Does 140 divide 22656351?
False
Is 85465633 a multiple of 97?
True
Is 264 a factor of 862422792?
True
Does 20 divide 644191940?
True
Is 52 a factor of 452934248?
True
Does 352 divide 62692248?
False
Does 14 divide 407990748?
False
Does 229 divide 43850702?
False
Is 18 a factor of 1023504912?
True
Does 4116 divide 7458192?
True
Is 107631739 a multiple of 37?
False
Is 5151 a factor of 13552281?
True
Is 254172592 a multiple of 97?
True
Is 221 a factor of 34964896?
False
Is 23 a factor of 1765273?
True
Is 140 a factor of 164681020?
True
Does 3 divide 300113194?
False
Is 877 a factor of 16898036?
True
Is 1029889638 a multiple of 1698?
True
Does 42 divide 178124203?
False
Is 24005948 a multiple of 531?
False
Is 13113720 a multiple of 45?
True
Does 143 divide 6605170?
True
Is 72 a factor of 5115805?
False
Is 266 a factor of 277826505?
False
Is 19 a factor of 822314374?
False
Does 17 divide 26078281?
False
Is 1901024493 a multiple of 1261?
False
Does 53 divide 124365242?
True
Is 1238081067 a multiple of 4449?
True
Is 31564559 a multiple of 13?
True
Does 99 divide 731053432?
False
Does 171 divide 115002972?
True
Is 30885735 a multiple of 285?
True
Does 111 divide 27929322?
False
Is 586083995 a multiple of 7?
True
Is 611203846 a multiple of 35?
False
Does 206 divide 1325700640?
True
Is 424 a factor of 14436436?
False
Is 2847492 a multiple of 23?
True
Is 60 a factor of 419581886?
False
Does 11 divide 20645922?
True
Is 10 a factor of 11508840?
True
Is 12091475 a multiple of 121?
False
Is 185 a factor of 808646470?
True
Does 14 divide 314202053?
False
Is 39505313 a multiple of 2?
False
Is 3367 a factor of 264558658?
True
Is 693 a factor of 329082831?
True
Is 225 a factor of 83876400?
True
Is 1270 a factor of 208429860?
True
Does 207 divide 27774803?
False
Does 129 divide 61418964?
True
Does 2511 divide 100503369?
False
Is 103523415 a multiple of 15?
True
Does 403 divide 167563343?
False
Is 92206 even?
True
Is 873 a factor of 51775884?
True
Is 17 a factor of 277596842?
True
Is 67 a factor of 1160581303?
True
Is 394 a factor of 211154719?
False
Does 6 divide 528202343?
False
Does 1195 divide 1156284390?
True
Is 710 a factor of 1709564489?
False
Is 121 a factor of 50355118?
True
Is 45 a factor of 91684067?
False
Is 2859783927 a multiple of 143?
True
Does 18 divide 13080517?
False
Is 3 a factor of 12500662?
False
Is 19 a factor of 45115595?
True
Does 377 divide 1409227562?
False
Is 8686789 a multiple of 172?
False
Does 193 divide 767947?
True
Does 9 divide 2663748?
True
Is 909 a factor of 87588596?
False
Does 59 divide 11960598?
True
Is 4 a factor of 27997424?
True
Does 4 divide 54512146?
False
Is 5759384040 a multiple of 12?
True
Is 20416048 a multiple of 210?
False
Is 38250800 a multiple of 40?
True
Does 973 divide 42319662?
True
Does 117 divide 91349973?
True
Is 29712672 a multiple of 16?
True
Does 363 divide 496533159?
False
Does 8 divide 21943088?
True
Is 184 a factor of 333717673?
False
Is 3293 a factor of 934245574?
False
Is 257 a factor of 376564868?
False
Is 14 a factor of 13104652?
False
Is 16 a factor of 40533669?
False
Is 578 a factor of 7156796?
True
Does 4 divide 520294805?
False
Is 26 a factor of 414175858?
False
Does 43 divide 3323416938?
True
Does 12 divide 2603289132?
True
Is 3843747628 a multiple of 30?
False
Does 5158 divide 3779942298?
True
Does 144 divide 766762560?
True
Is 23075812 a multiple of 1999?
False
Is 629 a factor of 421010611?
False
Does 60 divide 188688616?
False
Is 91222463 a multiple of 15?
False
Does 7 divide 4603387579?
True
Is 25 a factor of 1631800?
True
Is 11031867 a multiple of 231?
True
Does 45 divide 6822404?
False
Is 249 a factor of 525647217?
True
Is 150180699 a multiple of 25?
False
Does 8 divide 242510400?
True
Does 944 divide 8394362?
False
Does 877 divide 659571529?
True
Does 58 divide 25400433?
False
Does 984 divide 938562732?
False
Does 23 divide 1630328297?
True
Does 663 divide 57168501?
True
Does 23 divide 52184285?
False
Does 1070 divide 13414491?
False
Is 108 a factor of 641205720?
True
Does 595 divide 9364705?
True
Does 1122 divide 211712424?
True
Does 442 divide 818785934?
False
Is 2 a factor of 570114?
True
Does 33 divide 5993599293?
True
Is 1654 a factor of 2676482952?
True
Is 8602443 a multiple of 243?
True
Does 64 divide 262533952?
True
Is 209 a factor of 7328966?
False
Is 59 a factor of 2225974?
False
Does 4036 divide 3288243431?
False
Is 18 a factor of 15896844?
True
Is 5264 a factor of 28520352?
True
Is 391 a factor of 108126358?
True
Is 62 a factor of 70789239?
False
Does 55 divide 36061292?
False
Is 789649 a multiple of 2671?
False
Does 1114 divide 140463146?
True
Does 8 divide 709014864?
True
Is 448191824 a multiple of 16?
True
Is 9978724 a multiple of 76?
True
Does 9 divide 523818?
True
Is 73 a factor of 1095365?
True
Does 15 divide 600345355?
False
Is 680332877 a multiple of 43?
False
Is 17163384 a multiple of 532?
True
Does 17 divide 32346549?
False
Is 161946184 a multiple of 62?
False
Does 180 divide 728968089?
False
Is 48 a factor of 337295718?
False
Is 379006165 a multiple of 3505?
True
Is 129249716 a multiple of 89?
True
Is 27087588 a multiple of 66?
True
Is 33749888 a multiple of 32?
True
Does 2522 divide 661409004?
False
Is 7 a factor of 594734615?
False
Is 5 a factor of 5367060?
True
Does 291 divide 2339876563?
False
Is 76752586 a multiple of 191?
True
Is 110 a factor of 36697320?
True
Is 582416909 a multiple of 557?
False
Does 1294 divide 115510204?
True
Is 263204950 a multiple of 41?
False
Does 72 divide 16183083?
False
Does 111 divide 12713385?
True
Is 20227023 a multiple of 9?
True
Is 89 a factor of 3180326?
True
Is 24644760 a multiple of 280?
True
Does 13 divide 163147427?
False
Is 10 a factor of 35582321?
False
Is 24 a factor of 454539864?
True
Is 427765597 a multiple of 371?
True
Is 5 a factor of 4157426?
False
Does 87 divide 470532801?
True
Does 22 divide 7429620?
True
Is 10 a factor of 106686954?
False
Is 66 a factor of 16162793?
False
Is 516 a factor of 123607422?
False
Does 1572 divide 91551374?
False
Is 1375177456 a multiple of 452?
True
Is 796 a factor of 11658135?
False
Does 317 divide 486717032?
False
Is 20 a factor of 45410860?
True
Is 53695596 a multiple of 2033?
True
Is 163 a factor of 106296130?
False
Is 18332712 a multiple of 73?
False
Does 343 divide 40265674?
False
Is 1952920604 a multiple of 61?
False
Does 873 divide 18926640?
True
Is 127 a factor of 284287992?
False
Is 39651434 a multiple of 17?
False
Is 1136648646 a multiple of 63?
True
Is 87 a factor of 9080364?
True
Is 82733112 a multiple of 8?
True
Is 28 a factor of 50189328?
True
Does 2416 divide 148552592?
True
Does 137 divide 36595851?
True
Does 2879 divide 1096798235?
True
Does 1736 divide 185388242?
False
Is 505396542 a multiple of 222?
True
Is 896 a factor of 111494656?
True
Is 4706 a factor of 171399780?
False
Does 2 divide 72214309?
False
Is 24967630 a multiple of 11?
False
Is 30 a factor of 995000280?
True
Does 53 divide 23026965?
False
Is 61804404 a multiple of 358?
True
Is 868761792 a multiple of 369?
True
Is 20061989 a multiple of 19?
False
Is 24996140 a multiple of 20?
True
Does 4 divide 55195260?
True
Is 1599213 a multiple of 759?
True
Is 27322645 a multiple of 1824?
False
Is 38552448 a multiple of 88?
True
Does 4475 divide 657687171?
False
Does 27 divide 10401615?
True
Does 11 divide 1017988807?
True
Is 1353 a factor of 280476710?
False
Does 1961 divide 85154464?
True
Is 14 a f